 a = -13 + b. Let y(l) = -4*l**3 - l + 1. Calculate y(a).
-4
Let b be (-1)/(-4*(-2 + 28/16)). Let p(g) = 1 + 8*g**3 + 0 - 24*g + 25*g + g**2. Calculate p(b).
-7
Let y(s) be the first derivative of s**3/3 + 7*s**2/2 - 35*s - 735. What is y(-10)?
-5
Suppose 4*l - 83 = 5*a - 26, -5*a = 25. Let c(y) = -y**3 + 9*y**2 - 13*y + 9. Determine c(l).
-31
Let n(u) be the third derivative of 0*u - 1/60*u**5 - 20*u**2 - 5/6*u**3 - 7/24*u**4 + 0. Give n(-7).
-5
Let u = 4 + 2. Let h(z) be the third derivative of z**5/60 - 5*z**4/24 - 7*z**3/6 - 5430*z**2 + 1. Calculate h(u).
-1
Suppose -3*y = 5 - 14. Let z(v) = 2*v - 2*v**3 - 1 + y*v**2 + 2*v**3 + 3 + 2*v**3. Determine z(-2).
-6
Let o(c) be the third derivative of c**4/24 - c**3 - c**2 - 16*c. Calculate o(7).
1
Let f(d) be the first derivative of -d**2/2 + 12*d + 285. Calculate f(0).
12
Let n(j) = -j**2 + 4*j - 3. Let p(s) = s**3 - 3*s**2 - 26*s - 9. Let y be p(7). Determine n(y).
-8
Let n(t) = -2 - t + 2*t - t + t. Let v(g) = -g**2 - 7*g. Let h be v(-7). Calculate n(h).
-2
Suppose 5*l - 2*l = 9. Let r(q) = -2*q**3 + 2*q**l - q**3 - 8 + 6*q**2 + 2*q**3. Calculate r(-6).
-8
Let s be 100/55 + 4/22. Suppose 0 = -s*n + 8*n - 18. Let v(q) = 4*q - 4. Calculate v(n).
8
Let r(z) = -z**3 - 3*z**2 - 3*z - 1. Let a = -14 - -23. Suppose -6*g - a = -3*g. What is r(g)?
8
Let t(w) = -4*w + 101. Let a be t(27). Let b(f) = f + 7. What is b(a)?
0
Let a(d) = -13 + 0*d**3 + 6*d - 16*d + 9*d**2 + d**3 + 9*d. Determine a(-9).
-4
Let m be (1 - 0) + 7 + -6. Suppose 0 = m*o + o - 3. Let j(b) = -6*b**2 - b + 1. Determine j(o).
-6
Let l be 0/((-22)/33*6). Let g(j) = -j**2 + 9. Give g(l).
9
Let t(g) = 8*g**2 - 17*g + 2. Let p(i) = -3*i**2 + i + 3. Let q(z) = 3*p(z) + t(z). Calculate q(-15).
-4
Let r(q) = -8*q**3 + q**2 - 1. Let a be 33/(-2) + (-7)/14. Let g = a - -16. Let k be g - -4 - 4/2. Give r(k).
-8
Let a(d) = -3*d. Let h = 99 + -131. Let w = h + 33. Determine a(w).
-3
Let i(j) = 15*j**2 - 8*j + 25*j**2 - j + 9 - 39*j**2. Give i(8).
1
Let a(x) = -x + 4. Let h(s) = -1 + 27*s - 12*s - 16*s. Let q(y) = -a(y) - 3*h(y). Determine q(2).
7
Let d be 1/(-4) - 5/(-4). Let n be (-5)/20 - (-9)/4. Let r(q) = -2*q**3 + 4 - q - q - 3 + q**n + 8*q**3. Determine r(d).
6
Suppose -g = 2*g - 3. Let k = g - -5. Let i(s) = -5*s**2 + 9*s + 5. Let o(q) = -6*q**2 + 10*q + 5. Let p(z) = 5*i(z) - 4*o(z). Determine p(k).
-1
Suppose -2*a - 4*a = -6. Let u(c) = -2*c**3 - 6*c**2 - 7 - 7*c + c**3 + a. Suppose 3 + 7 = -2*y. Calculate u(y).
4
Let g(q) = q**3 - 5*q**2 - q + 2. Let y be ((-638)/77 - -9)*7. Determine g(y).
-3
Let a(d) = -20*d**2 + d. Let t = 59 - 58. Determine a(t).
-19
Suppose 5*g + 1 = 11. Suppose g*a - 3*k = 5, 2 = -2*k - 4. Let h(s) = s**2. Calculate h(a).
4
Let v(l) = -4 + 3 - 8 + 1 - l**2 + 8*l. Let h be 4*(285/12)/5. Suppose 3*k = h + 2. Calculate v(k).
-1
Let k(n) = n**2 - n - 1. Let p(v) = -3*v**2 - 3*v - 4. Let f(w) = -2*k(w) - p(w). Suppose 0*s + 14 = -s + 5*i, 0 = -2*s - i - 6. Give f(s).
2
Let u(s) be the third derivative of s**5/60 + s**4/24 - s**2 - 6*s. Let q = -6 - -2. Calculate u(q).
12
Let l = 14172 - 14167. Let s(o) be the third derivative of 1/2*o**3 + 0*o + o**2 - 1/15*o**5 - 1/8*o**4 + 0 + 1/120*o**6. Give s(l).
13
Let c(w) be the second derivative of -w**5/20 - 5*w**4/12 + w**3/6 + 3*w**2/2 + 893*w. What is c(-4)?
-17
Let q(t) = 5*t + 12. Let y(p) = 11*p + 25. Let n(r) = -13*q(r) + 6*y(r). Calculate n(6).
0
Let y = -1509 + 3023/2. Let a(x) be the second derivative of 3*x + 0 - 1/2*x**3 + y*x**2 - 1/12*x**4. Give a(-5).
-5
Let x = 4 - 20. Let d = x + 13. Let w(t) = 5*t**3 - 2*t**2 + 2*t + 2. Let l(j) = -14*j**3 + 5*j**2 - 5*j - 5. Let r(q) = -4*l(q) - 11*w(q). Calculate r(d).
-5
Let d(b) = b**3 + b - 1. Let l = 7 + 8. Let n = 17 - l. Suppose -4*j - 3*x = n*x - 5, -4*x + 4 = -4*j. Determine d(j).
-1
Let l = 251 + -257. Let t(i) = i**3 + 8*i**2 + 6*i - 6. Determine t(l).
30
Let g(h) = 5*h - 1. Let f(x) = 4*x. Let k(m) = -3*f(m) + 3*g(m). Give k(-7).
-24
Let r be 5/4*4/(-1). Let d = 96 - 98. Let l(y) = -y**3 - 8*y**2 - 4*y + 5. Let s(g) = -g**2 + 1. Let v(o) = d*s(o) + l(o). Give v(r).
-2
Let x(w) be the first derivative of w**3/3 - 7*w**2/2 + 5*w + 7. Suppose 4*z = -0*o - o - 19, 35 = -5*z - 5*o. Let l = 11 + z. Calculate x(l).
5
Let k be (7*18/84)/(3/(-8)). Let w(t) = -t**2 - 5*t + 5. Give w(k).
9
Let v(p) = -p - 8. Suppose -32 - 13 = 9*y. What is v(y)?
-3
Let p(t) = t**2 - 14*t - 5. Let k(x) = 80*x - 466. Let h be k(6). Give p(h).
-5
Let o(p) = -p - 4. Suppose 6*a + 3*b - 7 = 5*a, -3*a + 49 = -5*b. Determine o(a).
-17
Let b(k) = -6*k + 51*k**3 - 7*k**2 + 10 - 11 + 2*k - 2*k - 52*k**3. Give b(-4).
-25
Let w = -14 - -14. Let k be 2 + (-2 - -2) - w. Let f(b) = -4*b + 0*b**k + 2*b**2 - 2*b**3 + 3*b**3. What is f(-3)?
3
Suppose 3*w + 18 = i, i - 4*w + 3*w - 10 = 0. Let x = i - 3. Let p(b) be the first derivative of -b**2/2 + 2*b - 2. Give p(x).
-1
Let b(u) = u**3 + 10*u**2 + 12*u + 9. Let k(n) = -2*n**3 - 20*n**2 - 23*n - 17. Let h(p) = -5*b(p) - 3*k(p). What is h(-9)?
6
Let g(r) = 3*r**2 - 3*r + 2. Let a = 54 - 52. Determine g(a).
8
Let k = -18 + 23. Let q be 4 - k*(-5)/(-1). Let l be 6/q - 99/21. Let c(o) = -o**3 - 6*o**2 - 8*o - 3. What is c(l)?
12
Let i(x) = -x + 6. Let a(k) = -5*k + 30. Let o(c) = -2*a(c) + 11*i(c). Let r be o(3). Suppose -p + r = 2*p. Let y(u) = 4*u**3 + u - 1. Calculate y(p).
4
Let n(y) be the second derivative of -y**3/6 + y**2/2 + 115*y. Give n(-11).
12
Let b be ((-15)/(-5))/(15/25). Let t(m) = b*m + m**2 - 23*m + 9*m - 5 + 0*m**2. Determine t(10).
5
Let x(s) = s**3 - 4*s**2 + 4*s + 1. Suppose -5*i + 6 + 4 = 0. Suppose -i*j = 3*j - 10. Let b = j + 1. Give x(b).
4
Let r(v) = -16 + 4 + 12 - 2*v**2. Give r(3).
-18
Let g(s) = 3*s - 4 + 0*s**2 + 2*s**2 - 3*s**2. Let o(d) = -12*d**3 - 25*d**2 - 6*d - 5. Let w be o(-2). Give g(w).
-4
Let x(b) = -b + 1. Let t(m) = -m**3 + 8*m**2 - 2*m - 5. Let a(y) = -t(y) + 3*x(y). Let r be a(8). Let f(q) = q - 2*q + 5*q + r*q - 2. Determine f(2).
6
Suppose 4*h + h - 2*h = 0. Suppose -3*n - 9 + 36 = 0. Let u(o) = 2*o - 2 - 3*o + n + o**2. What is u(h)?
7
Let r be (-5)/(30/(-9) - -3). Let m be 0 - (0 - -2)*-2. Suppose m*l = r - 3. Let v(g) = g**2 - g + 1. Calculate v(l).
7
Suppose -95 = -4*y - g + 9, y - 23 = -g. Let c(k) = y*k + 3 + 29*k - 55*k. Give c(-9).
-6
Suppose 0 = 5*k - 922 + 272. Let w(x) = 64*x**2 + 68*x**2 - 10*x**3 + x - k*x**2. What is w(-1)?
11
Let c(y) be the first derivative of 11 + 122*y - y**2 - 125*y + 3*y**2. What is c(2)?
5
Let a be (-111)/(-15) + 2/(-5). Let b(w) = -12*w + w + 5*w + 2 + 4*w. Give b(a).
-12
Let g(n) = -9*n + 1. Let o(d) be the third derivative of d**6/120 + d**5/10 + d**4/6 - d**3 - 11*d**2. Let t be o(-5). What is g(t)?
10
Suppose 11*r = 13*r - 2. Let c(q) = -q + 2*q - 1 + 11*q. Determine c(r).
11
Let l(g) be the second derivative of -g**4/12 + g**3/3 - g**2/2 + 2*g. Let x = -61 + 35. Let d = x + 27. Determine l(d).
0
Let q(t) = t**3 - 6*t**2 - 2*t - 8. Suppose 40 = 25*h - 110. Calculate q(h).
-20
Let j(c) = 3*c + 4*c**3 - 3 - 4*c**2 - 3*c**3 + c**2. Let n(q) = q**2 - 7*q - 2. Let i be n(7). Let a be 2 + 1 + i + 2. Determine j(a).
6
Suppose 0 = -24*t - 46 - 122. Let f(w) = 1 + 0*w**2 + w**2 + 8*w - 6. What is f(t)?
-12
Let t(s) = 1 + 7*s - 12*s - 6 + 3 + 6*s. Give t(8).
6
Suppose 6*b + 25 = 11*b. Let o(q) be the third derivative of q**4/24 - 7*q**3/6 - 2*q**2. Calculate o(b).
-2
Let d(a) be the first derivative of a**5/20 + a**4/12 - a**2/2 - 6*a - 2. Let l(b) be the first derivative of d(b). Calculate l(0).
-1
Let x(g) = -g. Suppose -2 - 6 = 4*h. Let l be (-4)/((-8)/(-34)) - h. Let b = l + 14. Calculate x(b).
1
Let r = 15 + -20. Suppose d = -4 + 3. Let v(k) = -2*k**2 + 6*k - 6. Let y(i) = -i**2 + i. Let u(n) = d*v(n) + 3*y(n). What is u(r)?
-4
Let f(k) = 10*k**2 - 5*k**2 - 3*k**2 - 8*k**2 + 4*k. Give f(3).
-42
Let k(q) = -2*q**2 - 3. Let z(h) = 10*h + 3. Let p(b) = -9*b - 3. Let g(v) = -6*p(v) - 5*z(v). Let y be g(0). Give k(y).
-21
Let w(l) = -l**3 + 2*l**2 + 3*l - 5. Let u(x) = -6*x + 34. Let a be u(5). What is w(a)?
-25
Let w(u) = -u**3 + 0*u**3 - 1086*u**2 + 1090*u**2. Suppose 4*x - 4 - 16 = 0. Determine w(x).
-25
Let p(c) be the first derivative of 7*c**4/4 + 2*c**3/3 + c**2 + c - 836. Give p(-1).
-6
Let x(j) = 4*j - 18. Let i be x(